{"id":14,"date":"2025-01-14T12:25:37","date_gmt":"2025-01-14T12:25:37","guid":{"rendered":"https:\/\/restaurointiokra.fi\/?page_id=14"},"modified":"2025-03-24T13:03:14","modified_gmt":"2025-03-24T13:03:14","slug":"etusivu","status":"publish","type":"page","link":"https:\/\/restaurointiokra.fi\/","title":{"rendered":"Etusivu"},"content":{"rendered":"\t\t<div data-elementor-type=\"wp-page\" data-elementor-id=\"14\" class=\"elementor elementor-14\" data-elementor-post-type=\"page\">\n\t\t\t\t<div class=\"elementor-element elementor-element-b6fd46d e-flex e-con-boxed e-con e-parent\" data-id=\"b6fd46d\" data-element_type=\"container\" data-e-type=\"container\" data-settings=\"{&quot;background_background&quot;:&quot;classic&quot;}\">\n\t\t\t\t\t<div class=\"e-con-inner\">\n\t\t<div class=\"elementor-element elementor-element-20aabdd e-con-full e-flex e-con e-child\" data-id=\"20aabdd\" data-element_type=\"container\" data-e-type=\"container\">\n\t\t\t\t<div class=\"elementor-element elementor-element-de73781 elementor-widget-mobile__width-inherit elementor-widget elementor-widget-image\" data-id=\"de73781\" data-element_type=\"widget\" data-e-type=\"widget\" data-widget_type=\"image.default\">\n\t\t\t\t<div class=\"elementor-widget-container\">\n\t\t\t\t\t\t\t\t\t\t\t\t\t\t\t<img fetchpriority=\"high\" decoding=\"async\" width=\"800\" height=\"427\" src=\"https:\/\/restaurointiokra.fi\/wp-content\/uploads\/2025\/01\/Restaurointiosuuskunta-OKRA_logo-1024x546.png\" class=\"attachment-large size-large wp-image-23\" alt=\"Restaurointiosuuskunta OKRA_logo\" srcset=\"https:\/\/restaurointiokra.fi\/wp-content\/uploads\/2025\/01\/Restaurointiosuuskunta-OKRA_logo-1024x546.png 1024w, https:\/\/restaurointiokra.fi\/wp-content\/uploads\/2025\/01\/Restaurointiosuuskunta-OKRA_logo-300x160.png 300w, https:\/\/restaurointiokra.fi\/wp-content\/uploads\/2025\/01\/Restaurointiosuuskunta-OKRA_logo-768x410.png 768w, https:\/\/restaurointiokra.fi\/wp-content\/uploads\/2025\/01\/Restaurointiosuuskunta-OKRA_logo-1536x819.png 1536w, https:\/\/restaurointiokra.fi\/wp-content\/uploads\/2025\/01\/Restaurointiosuuskunta-OKRA_logo-2048x1092.png 2048w\" sizes=\"(max-width: 800px) 100vw, 800px\" \/>\t\t\t\t\t\t\t\t\t\t\t\t\t\t\t<\/div>\n\t\t\t\t<\/div>\n\t\t\t\t<div class=\"elementor-element elementor-element-5a7efef elementor-widget elementor-widget-heading\" data-id=\"5a7efef\" data-element_type=\"widget\" data-e-type=\"widget\" data-widget_type=\"heading.default\">\n\t\t\t\t<div class=\"elementor-widget-container\">\n\t\t\t\t\t<h2 class=\"elementor-heading-title elementor-size-default\">Yritys<\/h2>\t\t\t\t<\/div>\n\t\t\t\t<\/div>\n\t\t\t\t<div class=\"elementor-element elementor-element-136f6cc elementor-widget elementor-widget-text-editor\" data-id=\"136f6cc\" data-element_type=\"widget\" data-e-type=\"widget\" data-widget_type=\"text-editor.default\">\n\t\t\t\t<div class=\"elementor-widget-container\">\n\t\t\t\t\t\t\t\t\t<p style=\"font-weight: 400; text-align: left;\">Restaurointiosuuskunta OKRA on perustettu vuonna 2016 tuottamaan laadukkaita rakennusrestaurointipalveluja julkiskohteisiin ja taloyhti\u00f6ille. Ydinosaamistamme ovat ikkunoiden ja ovien restaurointity\u00f6t, sek\u00e4 perinteisten ovien ja ikkunoiden valmistaminen puusep\u00e4nty\u00f6n\u00e4. Osuuskunnassa on seitsem\u00e4n j\u00e4senyrityst\u00e4, joista jokaisella on pitk\u00e4 kokemus vaativista restaurointihankkeista. Toiminta-alueenamme on Etel\u00e4-Suomi.<\/p>\t\t\t\t\t\t\t\t<\/div>\n\t\t\t\t<\/div>\n\t\t\t\t<div class=\"elementor-element elementor-element-c88ca9d elementor-hidden-desktop elementor-widget elementor-widget-image\" data-id=\"c88ca9d\" data-element_type=\"widget\" data-e-type=\"widget\" data-widget_type=\"image.default\">\n\t\t\t\t<div class=\"elementor-widget-container\">\n\t\t\t\t\t\t\t\t\t\t\t\t\t\t\t<img decoding=\"async\" width=\"800\" height=\"931\" src=\"https:\/\/restaurointiokra.fi\/wp-content\/uploads\/2025\/01\/restaurointiokra.fi-mobiili-880x1024.png\" class=\"attachment-large size-large wp-image-119\" alt=\"restaurointiokra.fi mobiili\" srcset=\"https:\/\/restaurointiokra.fi\/wp-content\/uploads\/2025\/01\/restaurointiokra.fi-mobiili-880x1024.png 880w, https:\/\/restaurointiokra.fi\/wp-content\/uploads\/2025\/01\/restaurointiokra.fi-mobiili-258x300.png 258w, https:\/\/restaurointiokra.fi\/wp-content\/uploads\/2025\/01\/restaurointiokra.fi-mobiili-768x893.png 768w, https:\/\/restaurointiokra.fi\/wp-content\/uploads\/2025\/01\/restaurointiokra.fi-mobiili-1320x1536.png 1320w, https:\/\/restaurointiokra.fi\/wp-content\/uploads\/2025\/01\/restaurointiokra.fi-mobiili.png 1420w\" sizes=\"(max-width: 800px) 100vw, 800px\" \/>\t\t\t\t\t\t\t\t\t\t\t\t\t\t\t<\/div>\n\t\t\t\t<\/div>\n\t\t\t\t<\/div>\n\t\t<div class=\"elementor-element elementor-element-094ade7 e-con-full elementor-hidden-mobile elementor-hidden-tablet e-flex e-con e-child\" data-id=\"094ade7\" data-element_type=\"container\" data-e-type=\"container\">\n\t\t<div class=\"elementor-element elementor-element-5ade2e4 e-con-full e-flex e-con e-child\" data-id=\"5ade2e4\" data-element_type=\"container\" data-e-type=\"container\">\n\t\t<div class=\"elementor-element elementor-element-2c677ed e-con-full e-flex e-con e-child\" data-id=\"2c677ed\" data-element_type=\"container\" data-e-type=\"container\" data-settings=\"{&quot;background_background&quot;:&quot;classic&quot;}\">\n\t\t\t\t<\/div>\n\t\t<div class=\"elementor-element elementor-element-64ccb68 e-con-full e-flex e-con e-child\" data-id=\"64ccb68\" data-element_type=\"container\" data-e-type=\"container\" data-settings=\"{&quot;background_background&quot;:&quot;classic&quot;}\">\n\t\t\t\t<\/div>\n\t\t\t\t<\/div>\n\t\t<div class=\"elementor-element elementor-element-7939095 e-con-full e-flex e-con e-child\" data-id=\"7939095\" data-element_type=\"container\" data-e-type=\"container\">\n\t\t<div class=\"elementor-element elementor-element-d5267a6 e-con-full e-flex e-con e-child\" data-id=\"d5267a6\" data-element_type=\"container\" data-e-type=\"container\" data-settings=\"{&quot;background_background&quot;:&quot;classic&quot;}\">\n\t\t\t\t<\/div>\n\t\t<div class=\"elementor-element elementor-element-4641d73 e-con-full e-flex e-con e-child\" data-id=\"4641d73\" data-element_type=\"container\" data-e-type=\"container\" data-settings=\"{&quot;background_background&quot;:&quot;classic&quot;}\">\n\t\t\t\t<\/div>\n\t\t\t\t<\/div>\n\t\t\t\t<\/div>\n\t\t\t\t\t<\/div>\n\t\t\t\t<\/div>\n\t\t<div class=\"elementor-element elementor-element-c2a2b31 e-flex e-con-boxed e-con e-parent\" data-id=\"c2a2b31\" data-element_type=\"container\" data-e-type=\"container\" data-settings=\"{&quot;background_background&quot;:&quot;classic&quot;}\">\n\t\t\t\t\t<div class=\"e-con-inner\">\n\t\t<div class=\"elementor-element elementor-element-44e0455 e-con-full elementor-hidden-mobile elementor-hidden-tablet e-flex e-con e-child\" data-id=\"44e0455\" data-element_type=\"container\" data-e-type=\"container\">\n\t\t<div class=\"elementor-element elementor-element-1bb27e3 e-con-full e-flex e-con e-child\" data-id=\"1bb27e3\" data-element_type=\"container\" data-e-type=\"container\">\n\t\t<div class=\"elementor-element elementor-element-d849447 e-con-full e-flex e-con e-child\" data-id=\"d849447\" data-element_type=\"container\" data-e-type=\"container\" data-settings=\"{&quot;background_background&quot;:&quot;classic&quot;}\">\n\t\t\t\t<\/div>\n\t\t<div class=\"elementor-element elementor-element-2b277d6 e-con-full e-flex e-con e-child\" data-id=\"2b277d6\" data-element_type=\"container\" data-e-type=\"container\" data-settings=\"{&quot;background_background&quot;:&quot;classic&quot;}\">\n\t\t\t\t<\/div>\n\t\t\t\t<\/div>\n\t\t<div class=\"elementor-element elementor-element-99462e9 e-con-full e-flex e-con e-child\" data-id=\"99462e9\" data-element_type=\"container\" data-e-type=\"container\">\n\t\t<div class=\"elementor-element elementor-element-fffd024 e-con-full e-flex e-con e-child\" data-id=\"fffd024\" data-element_type=\"container\" data-e-type=\"container\" data-settings=\"{&quot;background_background&quot;:&quot;classic&quot;}\">\n\t\t\t\t<\/div>\n\t\t<div class=\"elementor-element elementor-element-1e0b0a8 e-con-full e-flex e-con e-child\" data-id=\"1e0b0a8\" data-element_type=\"container\" data-e-type=\"container\" data-settings=\"{&quot;background_background&quot;:&quot;classic&quot;}\">\n\t\t\t\t<\/div>\n\t\t\t\t<\/div>\n\t\t\t\t<\/div>\n\t\t<div class=\"elementor-element elementor-element-3c7eb7e e-con-full e-flex e-con e-child\" data-id=\"3c7eb7e\" data-element_type=\"container\" data-e-type=\"container\">\n\t\t\t\t<div class=\"elementor-element elementor-element-2133ce8 elementor-widget elementor-widget-heading\" data-id=\"2133ce8\" data-element_type=\"widget\" data-e-type=\"widget\" data-widget_type=\"heading.default\">\n\t\t\t\t<div class=\"elementor-widget-container\">\n\t\t\t\t\t<h2 class=\"elementor-heading-title elementor-size-default\">Palvelumme<\/h2>\t\t\t\t<\/div>\n\t\t\t\t<\/div>\n\t\t\t\t<div class=\"elementor-element elementor-element-19136a2 elementor-widget elementor-widget-text-editor\" data-id=\"19136a2\" data-element_type=\"widget\" data-e-type=\"widget\" data-widget_type=\"text-editor.default\">\n\t\t\t\t<div class=\"elementor-widget-container\">\n\t\t\t\t\t\t\t\t\t<ul><li>Ikkunoiden ja ovien entis\u00f6inti ja korjausty\u00f6t<\/li><li>Uudet ovet ja ikkunat<\/li><li>Kaikki rakennuspuusep\u00e4nty\u00f6t<\/li><li>Kuntoarviot ja kuntotutkimukset<\/li><li>V\u00e4ritutkimukset<\/li><li>Alaan liittyv\u00e4 konsultaatio<\/li><li>Ulkomaalausty\u00f6t\u00a0<\/li><li>Ty\u00f6selostusten laatiminen<\/li><\/ul>\t\t\t\t\t\t\t\t<\/div>\n\t\t\t\t<\/div>\n\t\t\t\t<div class=\"elementor-element elementor-element-31c023a elementor-hidden-desktop elementor-widget elementor-widget-image\" data-id=\"31c023a\" data-element_type=\"widget\" data-e-type=\"widget\" data-widget_type=\"image.default\">\n\t\t\t\t<div class=\"elementor-widget-container\">\n\t\t\t\t\t\t\t\t\t\t\t\t\t\t\t<img decoding=\"async\" width=\"800\" height=\"934\" src=\"https:\/\/restaurointiokra.fi\/wp-content\/uploads\/2025\/01\/restaurointiokra.fi-palvelumme-877x1024.png\" class=\"attachment-large size-large wp-image-120\" alt=\"restaurointiokra.fi palvelumme\" srcset=\"https:\/\/restaurointiokra.fi\/wp-content\/uploads\/2025\/01\/restaurointiokra.fi-palvelumme-877x1024.png 877w, https:\/\/restaurointiokra.fi\/wp-content\/uploads\/2025\/01\/restaurointiokra.fi-palvelumme-257x300.png 257w, https:\/\/restaurointiokra.fi\/wp-content\/uploads\/2025\/01\/restaurointiokra.fi-palvelumme-768x897.png 768w, https:\/\/restaurointiokra.fi\/wp-content\/uploads\/2025\/01\/restaurointiokra.fi-palvelumme-1315x1536.png 1315w, https:\/\/restaurointiokra.fi\/wp-content\/uploads\/2025\/01\/restaurointiokra.fi-palvelumme.png 1452w\" sizes=\"(max-width: 800px) 100vw, 800px\" \/>\t\t\t\t\t\t\t\t\t\t\t\t\t\t\t<\/div>\n\t\t\t\t<\/div>\n\t\t\t\t<\/div>\n\t\t\t\t\t<\/div>\n\t\t\t\t<\/div>\n\t\t<div class=\"elementor-element elementor-element-7fb0f1f e-flex e-con-boxed e-con e-parent\" data-id=\"7fb0f1f\" data-element_type=\"container\" data-e-type=\"container\" data-settings=\"{&quot;background_background&quot;:&quot;classic&quot;}\">\n\t\t\t\t\t<div class=\"e-con-inner\">\n\t\t<div class=\"elementor-element elementor-element-9b5687d e-con-full e-flex e-con e-child\" data-id=\"9b5687d\" data-element_type=\"container\" data-e-type=\"container\">\n\t\t\t\t<div class=\"elementor-element elementor-element-3089977 elementor-widget elementor-widget-heading\" data-id=\"3089977\" data-element_type=\"widget\" data-e-type=\"widget\" data-widget_type=\"heading.default\">\n\t\t\t\t<div class=\"elementor-widget-container\">\n\t\t\t\t\t<h2 class=\"elementor-heading-title elementor-size-default\">Kohteitamme<\/h2>\t\t\t\t<\/div>\n\t\t\t\t<\/div>\n\t\t\t\t<div class=\"elementor-element elementor-element-f661837 elementor-widget elementor-widget-text-editor\" data-id=\"f661837\" data-element_type=\"widget\" data-e-type=\"widget\" data-widget_type=\"text-editor.default\">\n\t\t\t\t<div class=\"elementor-widget-container\">\n\t\t\t\t\t\t\t\t\t<p style=\"font-weight: 400;\"><strong>SUOMEN KANSALLISMUSEO 2017-2024<\/strong><\/p><p style=\"font-weight: 400;\">Mannerheimintie 34, Helsinki<\/p><p style=\"font-weight: 400;\">Ikkuna- ja ovirestaurointi<\/p><p style=\"font-weight: 400;\"><strong>KORKEIN HALLINTO-OIKEUS 2018-2020<\/strong><\/p><p style=\"font-weight: 400;\">Fabianinkatu 15, Helsinki<\/p><p style=\"font-weight: 400;\">Ikkuna- ja ovirestaurointi,<\/p><p style=\"font-weight: 400;\">uusien ulko-ovien valmistus<\/p><p style=\"font-weight: 400;\"><strong>SUOJELUPOLIISI 2018<\/strong><\/p><p style=\"font-weight: 400;\">Ratakatu 12, Helsinki<\/p><p style=\"font-weight: 400;\">Aulan ikkunarestaurointi<\/p><p style=\"font-weight: 400;\"><strong>KANSALLISMUSEON VAUNUVAJA 2019<\/strong><\/p><p style=\"font-weight: 400;\">Museokatu 1, Helsinki<\/p><p style=\"font-weight: 400;\">Ulko-ovien restaurointi<\/p><p style=\"font-weight: 400;\"><strong>KANSALLISARKISTO 2019-2020<\/strong><\/p><p style=\"font-weight: 400;\">Rauhankatu 17, Helsinki<\/p><p style=\"font-weight: 400;\">Sis\u00e4pihan ikkunakunnostus<\/p><p style=\"font-weight: 400;\"><strong>HVITTR\u00c4SK 2019-<\/strong><\/p><p style=\"font-weight: 400;\">Hvittr\u00e4skintie 166, Kirkkonummi<\/p><p style=\"font-weight: 400;\">Ikkuna- ja ovirestaurointi<\/p><p style=\"font-weight: 400;\"><strong>HELSINGIN KULTTUURITALO 2021-2022<\/strong><\/p><p style=\"font-weight: 400;\">Sturenkatu 4, Helsinki<\/p><p style=\"font-weight: 400;\">Toisen kerroksen toimistotilojen ikkunakunnostus<\/p><p style=\"font-weight: 400;\"><strong>TIETEIDEN TALO 2021-2022<\/strong><\/p><p style=\"font-weight: 400;\">Kirkkokatu 6, Helsinki<\/p><p style=\"font-weight: 400;\">Ikkuna- ja ovirestaurointi,<\/p><p style=\"font-weight: 400;\">uusien ovien ja ikkunoiden valmistus<\/p><p style=\"font-weight: 400;\"><strong>VALTIONEUVOSTON KANSLIA 2024<\/strong><\/p><p style=\"font-weight: 400;\">Snellmaninkatu 3, Helsinki<\/p><p style=\"font-weight: 400;\">Ikkunarestaurointi<\/p>\t\t\t\t\t\t\t\t<\/div>\n\t\t\t\t<\/div>\n\t\t\t\t<div class=\"elementor-element elementor-element-2a4adbc elementor-hidden-desktop elementor-widget elementor-widget-image\" data-id=\"2a4adbc\" data-element_type=\"widget\" data-e-type=\"widget\" data-widget_type=\"image.default\">\n\t\t\t\t<div class=\"elementor-widget-container\">\n\t\t\t\t\t\t\t\t\t\t\t\t\t\t\t<img loading=\"lazy\" decoding=\"async\" width=\"800\" height=\"932\" src=\"https:\/\/restaurointiokra.fi\/wp-content\/uploads\/2025\/01\/restaurointiokra.fi-kohteitamme-879x1024.png\" class=\"attachment-large size-large wp-image-131\" alt=\"restaurointiokra.fi kohteitamme\" srcset=\"https:\/\/restaurointiokra.fi\/wp-content\/uploads\/2025\/01\/restaurointiokra.fi-kohteitamme-879x1024.png 879w, https:\/\/restaurointiokra.fi\/wp-content\/uploads\/2025\/01\/restaurointiokra.fi-kohteitamme-257x300.png 257w, https:\/\/restaurointiokra.fi\/wp-content\/uploads\/2025\/01\/restaurointiokra.fi-kohteitamme-768x895.png 768w, https:\/\/restaurointiokra.fi\/wp-content\/uploads\/2025\/01\/restaurointiokra.fi-kohteitamme-1318x1536.png 1318w, https:\/\/restaurointiokra.fi\/wp-content\/uploads\/2025\/01\/restaurointiokra.fi-kohteitamme.png 1454w\" sizes=\"(max-width: 800px) 100vw, 800px\" \/>\t\t\t\t\t\t\t\t\t\t\t\t\t\t\t<\/div>\n\t\t\t\t<\/div>\n\t\t\t\t<\/div>\n\t\t<div class=\"elementor-element elementor-element-4e464a5 e-con-full elementor-hidden-mobile elementor-hidden-tablet e-flex e-con e-child\" data-id=\"4e464a5\" data-element_type=\"container\" data-e-type=\"container\">\n\t\t<div class=\"elementor-element elementor-element-70452c7 e-con-full e-flex e-con e-child\" data-id=\"70452c7\" data-element_type=\"container\" data-e-type=\"container\">\n\t\t<div class=\"elementor-element elementor-element-d2b4ba8 e-con-full e-flex e-con e-child\" data-id=\"d2b4ba8\" data-element_type=\"container\" data-e-type=\"container\" data-settings=\"{&quot;background_background&quot;:&quot;classic&quot;}\">\n\t\t\t\t<\/div>\n\t\t<div class=\"elementor-element elementor-element-8388581 e-con-full e-flex e-con e-child\" data-id=\"8388581\" data-element_type=\"container\" data-e-type=\"container\" data-settings=\"{&quot;background_background&quot;:&quot;classic&quot;}\">\n\t\t\t\t<\/div>\n\t\t\t\t<\/div>\n\t\t<div class=\"elementor-element elementor-element-773dff4 e-con-full e-flex e-con e-child\" data-id=\"773dff4\" data-element_type=\"container\" data-e-type=\"container\">\n\t\t<div class=\"elementor-element elementor-element-dacb10b e-con-full e-flex e-con e-child\" data-id=\"dacb10b\" data-element_type=\"container\" data-e-type=\"container\" data-settings=\"{&quot;background_background&quot;:&quot;classic&quot;}\">\n\t\t\t\t<\/div>\n\t\t<div class=\"elementor-element elementor-element-ff29d50 e-con-full e-flex e-con e-child\" data-id=\"ff29d50\" data-element_type=\"container\" data-e-type=\"container\" data-settings=\"{&quot;background_background&quot;:&quot;classic&quot;}\">\n\t\t\t\t<\/div>\n\t\t\t\t<\/div>\n\t\t\t\t<\/div>\n\t\t\t\t\t<\/div>\n\t\t\t\t<\/div>\n\t\t<div class=\"elementor-element elementor-element-7994af0 e-flex e-con-boxed e-con e-parent\" data-id=\"7994af0\" data-element_type=\"container\" data-e-type=\"container\" data-settings=\"{&quot;background_background&quot;:&quot;classic&quot;}\">\n\t\t\t\t\t<div class=\"e-con-inner\">\n\t\t<div class=\"elementor-element elementor-element-acf2a0b e-con-full e-flex e-con e-child\" data-id=\"acf2a0b\" data-element_type=\"container\" data-e-type=\"container\">\n\t\t\t\t<div class=\"elementor-element elementor-element-08a31c6 elementor-widget elementor-widget-image\" data-id=\"08a31c6\" data-element_type=\"widget\" data-e-type=\"widget\" data-widget_type=\"image.default\">\n\t\t\t\t<div class=\"elementor-widget-container\">\n\t\t\t\t\t\t\t\t\t\t\t\t\t\t\t<img fetchpriority=\"high\" decoding=\"async\" width=\"800\" height=\"427\" src=\"https:\/\/restaurointiokra.fi\/wp-content\/uploads\/2025\/01\/Restaurointiosuuskunta-OKRA_logo-1024x546.png\" class=\"attachment-large size-large wp-image-23\" alt=\"Restaurointiosuuskunta OKRA_logo\" srcset=\"https:\/\/restaurointiokra.fi\/wp-content\/uploads\/2025\/01\/Restaurointiosuuskunta-OKRA_logo-1024x546.png 1024w, https:\/\/restaurointiokra.fi\/wp-content\/uploads\/2025\/01\/Restaurointiosuuskunta-OKRA_logo-300x160.png 300w, https:\/\/restaurointiokra.fi\/wp-content\/uploads\/2025\/01\/Restaurointiosuuskunta-OKRA_logo-768x410.png 768w, https:\/\/restaurointiokra.fi\/wp-content\/uploads\/2025\/01\/Restaurointiosuuskunta-OKRA_logo-1536x819.png 1536w, https:\/\/restaurointiokra.fi\/wp-content\/uploads\/2025\/01\/Restaurointiosuuskunta-OKRA_logo-2048x1092.png 2048w\" sizes=\"(max-width: 800px) 100vw, 800px\" \/>\t\t\t\t\t\t\t\t\t\t\t\t\t\t\t<\/div>\n\t\t\t\t<\/div>\n\t\t\t\t<div class=\"elementor-element elementor-element-9d9e822 elementor-widget elementor-widget-heading\" data-id=\"9d9e822\" data-element_type=\"widget\" data-e-type=\"widget\" data-widget_type=\"heading.default\">\n\t\t\t\t<div class=\"elementor-widget-container\">\n\t\t\t\t\t<h1 class=\"elementor-heading-title elementor-size-default\">Restaurointiosuuskunta OKRA<\/h1>\t\t\t\t<\/div>\n\t\t\t\t<\/div>\n\t\t\t\t<div class=\"elementor-element elementor-element-f318ce0 elementor-widget elementor-widget-text-editor\" data-id=\"f318ce0\" data-element_type=\"widget\" data-e-type=\"widget\" data-widget_type=\"text-editor.default\">\n\t\t\t\t<div class=\"elementor-widget-container\">\n\t\t\t\t\t\t\t\t\t<p style=\"text-align: center;\">Riihihaantie 11<\/p><p style=\"text-align: center;\">10210 Inkoo<\/p><p style=\"text-align: center;\">P. <a href=\"tel:0401592605\">040 159 2605<\/a><\/p><p style=\"text-align: center;\"><a class=\"\" href=\"mailto:info@restaurointiokra.fi\">info@restaurointiokra.fi<\/a><\/p>\t\t\t\t\t\t\t\t<\/div>\n\t\t\t\t<\/div>\n\t\t\t\t<\/div>\n\t\t<div class=\"elementor-element elementor-element-d2bf015 e-con-full elementor-hidden-mobile elementor-hidden-tablet e-flex e-con e-child\" data-id=\"d2bf015\" data-element_type=\"container\" data-e-type=\"container\">\n\t\t<div class=\"elementor-element elementor-element-7c4f9ca e-con-full e-flex e-con e-child\" data-id=\"7c4f9ca\" data-element_type=\"container\" data-e-type=\"container\">\n\t\t<div class=\"elementor-element elementor-element-00403f7 e-con-full e-flex e-con e-child\" data-id=\"00403f7\" data-element_type=\"container\" data-e-type=\"container\" data-settings=\"{&quot;background_background&quot;:&quot;classic&quot;}\">\n\t\t\t\t<\/div>\n\t\t<div class=\"elementor-element elementor-element-315b409 e-con-full e-flex e-con e-child\" data-id=\"315b409\" data-element_type=\"container\" data-e-type=\"container\" data-settings=\"{&quot;background_background&quot;:&quot;classic&quot;}\">\n\t\t\t\t<\/div>\n\t\t\t\t<\/div>\n\t\t<div class=\"elementor-element elementor-element-dcdc622 e-con-full e-flex e-con e-child\" data-id=\"dcdc622\" data-element_type=\"container\" data-e-type=\"container\">\n\t\t<div class=\"elementor-element elementor-element-aa2c373 e-con-full e-flex e-con e-child\" data-id=\"aa2c373\" data-element_type=\"container\" data-e-type=\"container\" data-settings=\"{&quot;background_background&quot;:&quot;classic&quot;}\">\n\t\t\t\t<\/div>\n\t\t<div class=\"elementor-element elementor-element-921f79a e-con-full e-flex e-con e-child\" data-id=\"921f79a\" data-element_type=\"container\" data-e-type=\"container\" data-settings=\"{&quot;background_background&quot;:&quot;classic&quot;}\">\n\t\t\t\t<\/div>\n\t\t\t\t<\/div>\n\t\t\t\t<\/div>\n\t\t\t\t\t<\/div>\n\t\t\t\t<\/div>\n\t\t<div class=\"elementor-element elementor-element-2c75547 e-flex e-con-boxed e-con e-parent\" data-id=\"2c75547\" data-element_type=\"container\" data-e-type=\"container\">\n\t\t\t\t\t<div class=\"e-con-inner\">\n\t\t<div class=\"elementor-element elementor-element-06d695c e-con-full e-flex e-con e-child\" data-id=\"06d695c\" data-element_type=\"container\" data-e-type=\"container\">\n\t\t\t\t<div class=\"elementor-element elementor-element-c0c2b67 elementor-widget elementor-widget-text-editor\" data-id=\"c0c2b67\" data-element_type=\"widget\" data-e-type=\"widget\" data-widget_type=\"text-editor.default\">\n\t\t\t\t<div class=\"elementor-widget-container\">\n\t\t\t\t\t\t\t\t\tCopyright \u00a9\ufe0f 2026 Restaurointiosuuskunta OKRA\t\t\t\t\t\t\t\t<\/div>\n\t\t\t\t<\/div>\n\t\t\t\t<\/div>\n\t\t<div class=\"elementor-element elementor-element-9e79265 e-con-full e-flex e-con e-child\" data-id=\"9e79265\" data-element_type=\"container\" data-e-type=\"container\">\n\t\t\t\t<div class=\"elementor-element elementor-element-f7a06f9 elementor-widget elementor-widget-text-editor\" data-id=\"f7a06f9\" data-element_type=\"widget\" data-e-type=\"widget\" data-widget_type=\"text-editor.default\">\n\t\t\t\t<div class=\"elementor-widget-container\">\n\t\t\t\t\t\t\t\t\t<p><a href=\"https:\/\/restaurointiokra.fi\/index.php\/tietosuojaseloste\/\">Tietosuojaseloste<\/a><\/p>\t\t\t\t\t\t\t\t<\/div>\n\t\t\t\t<\/div>\n\t\t\t\t<\/div>\n\t\t\t\t\t<\/div>\n\t\t\t\t<\/div>\n\t\t\t\t<\/div>\n\t\t","protected":false},"excerpt":{"rendered":"<p>Yritys Restaurointiosuuskunta OKRA on perustettu vuonna 2016 tuottamaan laadukkaita rakennusrestaurointipalveluja julkiskohteisiin ja taloyhti\u00f6ille. Ydinosaamistamme ovat ikkunoiden ja ovien restaurointity\u00f6t, sek\u00e4 perinteisten ovien ja ikkunoiden valmistaminen puusep\u00e4nty\u00f6n\u00e4. Osuuskunnassa on seitsem\u00e4n j\u00e4senyrityst\u00e4, joista jokaisella on pitk\u00e4 kokemus vaativista restaurointihankkeista. Toiminta-alueenamme on Etel\u00e4-Suomi. Palvelumme Ikkunoiden ja ovien entis\u00f6inti ja korjausty\u00f6t Uudet ovet ja ikkunat Kaikki rakennuspuusep\u00e4nty\u00f6t Kuntoarviot ja [&hellip;]<\/p>\n","protected":false},"author":1,"featured_media":0,"parent":0,"menu_order":0,"comment_status":"closed","ping_status":"closed","template":"elementor_canvas","meta":{"footnotes":""},"class_list":["post-14","page","type-page","status-publish","hentry"],"aioseo_notices":[],"_links":{"self":[{"href":"https:\/\/restaurointiokra.fi\/index.php\/wp-json\/wp\/v2\/pages\/14","targetHints":{"allow":["GET"]}}],"collection":[{"href":"https:\/\/restaurointiokra.fi\/index.php\/wp-json\/wp\/v2\/pages"}],"about":[{"href":"https:\/\/restaurointiokra.fi\/index.php\/wp-json\/wp\/v2\/types\/page"}],"author":[{"embeddable":true,"href":"https:\/\/restaurointiokra.fi\/index.php\/wp-json\/wp\/v2\/users\/1"}],"replies":[{"embeddable":true,"href":"https:\/\/restaurointiokra.fi\/index.php\/wp-json\/wp\/v2\/comments?post=14"}],"version-history":[{"count":126,"href":"https:\/\/restaurointiokra.fi\/index.php\/wp-json\/wp\/v2\/pages\/14\/revisions"}],"predecessor-version":[{"id":200,"href":"https:\/\/restaurointiokra.fi\/index.php\/wp-json\/wp\/v2\/pages\/14\/revisions\/200"}],"wp:attachment":[{"href":"https:\/\/restaurointiokra.fi\/index.php\/wp-json\/wp\/v2\/media?parent=14"}],"curies":[{"name":"wp","href":"https:\/\/api.w.org\/{rel}","templated":true}]}}